 + 35 - 12*j. Let s(f) = -5*h(f) + 3*m(f). Let b = 0 + 4. Calculate s(b).
-6
Suppose a - 3*t - 22 = -6*t, 5*t + 15 = 0. Let z(f) = -30 - a + 6*f + 64 - f**3 - 3*f**2. Give z(-4).
-5
Let u = 2 + 5. Let a be 56/(-6) + u/21. Let n(c) = -22*c + 17. Let x(d) = 6*d - 1. Let o(m) = -n(m) - 4*x(m). Calculate o(a).
5
Let r(i) be the third derivative of i**4/3 + i**3/3 + 214*i**2. Suppose 6*m = 2*m + 8. What is r(m)?
18
Let x(q) = 2464 - 4796 - 23*q + 2496. Calculate x(7).
3
Let v(r) = r - 1. Let a(o) = -o**2 + 2*o - 8. Let n = -3 + 1. Let h(t) = 2*t**2 + 4*t + 1. Let q be h(n). Let c(f) = q*a(f) - 5*v(f). Calculate c(3).
-21
Let n(t) be the second derivative of -11*t**3/6 + t**2/2 + 814*t. Calculate n(2).
-21
Let z(l) = -11*l + 319. Let w = -717 - -746. Calculate z(w).
0
Let w(d) = -d + 6. Let o be w(2). Suppose o*a = -7*a - 77. Let b(z) = -z**2 - 8*z - 6. What is b(a)?
1
Let n(m) = m**3 - 16*m**2 + 4*m - 2. Let o(y) = -y**3 + 5*y**2 + 2*y - 8. Let f be o(-2). Give n(f).
62
Let n(u) = u**2 + 21*u + 60. Let r = 38238 + -38241. Determine n(r).
6
Let c(s) = 31*s - 63. Let f(o) = 2*o**3 + 18*o**2 - 95*o - 886. Let p be f(-8). Determine c(p).
-1
Let u(z) = 11*z + 9. Suppose -49*j - 8*j = 57. Give u(j).
-2
Let j(s) = s - 3736 + 3765 - 6*s. What is j(14)?
-41
Let z be ((-20)/(-15))/(2/3). Let s(b) be the second derivative of -7*b**3/6 + b**2/2 - 31*b. Let g(p) = -8*p + 1. Let l(d) = -3*g(d) + 4*s(d). Give l(z).
-7
Let l(c) = 16*c - 165. Let h = 27537 + -27526. Give l(h).
11
Let n(i) = 57*i - 133. Let r(h) = -29*h + 78. Let u(k) = -4*n(k) - 7*r(k). Give u(-5).
111
Let h = -56 + 72. Let r be (-4 - (6 + -10)) + h + -1. Let p(u) = -u**2 + 29*u - r*u - 4 - 24*u. Give p(-9).
5
Let n(i) be the second derivative of i**5/20 - 7*i**4/12 + 7*i**3/3 - 8*i**2 + 6*i - 317. Calculate n(3).
-10
Suppose 16*k = 13*k. Let v = 24 - k. Suppose d + 3 = w, -v = 3*w - 6*w - 2*d. Let n(c) = c**2 - 7*c + 2. Determine n(w).
-4
Suppose -40 = 2*z + 5*x, 25*x = z + 30*x + 30. Let g(p) = -p**3 - 9*p**2 - 13. Determine g(z).
87
Let i(y) = 93*y + 112. Let b(w) = -53*w - 57. Let o(q) = 7*b(q) + 4*i(q). Give o(-25).
24
Let l(n) = n**2 - 2*n + 4. Let j be 2/12*2*981/(-3). Let c = j + 134. Suppose 5*x = -0*x + c. What is l(x)?
19
Let s(i) = -8*i**2 + 32*i + 73. Let h(x) = 19*x**2 - 63*x - 140. Let u(m) = 3*h(m) + 7*s(m). Give u(-32).
-5
Suppose -w = 2*w - 21. Let u be (-6)/(-4) - (6 - 1) - 1/(-2). Let i be (1 + 1 + u)/(w/14). Let c(x) = -3*x**2 - 4*x - 3. Give c(i).
-7
Let r(o) be the third derivative of o**5/60 - 17*o**4/24 + 16*o**3/3 + 33*o**2 + 2. Give r(15).
2
Let x(r) = r + 1. Let a be x(2). Let s(u) = -u**2 - u**2 + 2 - 2*u**a - 1 + 3*u**3 + 2*u. Suppose -39160*j + 39157*j = -6. Calculate s(j).
5
Let u(o) = o**3 + 18*o**2 + 17*o - 1. Let n be -29 - 1 - (-221 - -208). What is u(n)?
-1
Let y be (1 - -7)/(-2 - -1). Let v(j) be the second derivative of -j**4/12 - 5*j**3/3 - 19*j**2/2 - 8*j - 6. Let z be v(y). Let i(d) = d**2 - d - 3. Give i(z).
9
Let w = 12156 + -12150. Let z(l) = 6*l - 10. Let h(c) = 7*c - 11. Let j(a) = -5*h(a) + 6*z(a). Give j(w).
1
Let m(y) = -9*y + 227. Let p(z) = -6*z + 123. Let f(j) = -4*m(j) + 7*p(j). Give f(-5).
-17
Let q(u) = -669*u - 675*u - 668*u - 55 + 2010*u. Calculate q(-24).
-7
Suppose 72 = 10*z - z. Let c be z/5 + 6/15. Let u be 6/(-2) - 2/c. Let o(t) = -t**3 - 4*t**2 + 3*t + 6. Calculate o(u).
-6
Let m(y) = -3*y - 2. Let g = -638 - -645. Suppose 4*p + g*o + 12 = 9*o, 29 = -5*p - o. Determine m(p).
13
Suppose -1669*s - 6100 = -449*s. Let i(t) be the first derivative of t**2/2 - 4*t + 2. What is i(s)?
-9
Let y(m) = -m**2 - m - 3. Let q(t) = 33*t**2 + t + 16. Let p(a) = q(a) + 6*y(a). Calculate p(-2).
116
Suppose -21 = -9*n - 111. Let f(r) = 6*r + 65. Let g be f(n). Let z(k) = -k**3 + 4*k**2 + 4*k + 1. Calculate z(g).
-4
Let m(p) = -p**3 - 6*p**2 + 2*p + 5. Let a(o) = 9*o + 1. Let l be a(2). Let b = 5748 + -5773. Let v = l + b. Calculate m(v).
-7
Let i(o) be the second derivative of -2*o**3/3 - 5*o**2 - 2*o. Let q = 1701 + -1706. What is i(q)?
10
Let a(c) = c**3 - 7*c**2 + 8*c - 2. Let q be (-1)/6 + (-5 - 103/(-6)). Let i(l) = l**2 - 16*l + 54. Let d be i(q). Determine a(d).
10
Let m(s) be the third derivative of -s**4/8 - s**3 + 60*s**2. Let b(k) = -2*k - 5. Let j(t) = 6*b(t) - 5*m(t). Give j(3).
9
Let i(g) be the second derivative of g**5/60 - g**4/12 + g**3/6 - 69*g**2/2 - 8*g + 2. Let r(w) be the first derivative of i(w). What is r(1)?
0
Let y(q) = 19*q + 7. Let c be y(-4). Let h = -63 - c. Let i(t) = h - 5*t + 4*t + 7. Calculate i(9).
4
Let x(f) = 7*f**3 - 2*f**2 + 3*f + 25. Let z(p) = 9*p**3 - p**2 + 4*p + 27. Let i(k) = 5*x(k) - 4*z(k). Give i(-5).
-3
Let p(u) = 6*u - 86. Let w(c) = 8*c - 104. Let i(d) = -5*p(d) + 4*w(d). Give i(-4).
6
Let s(h) = h**2 - 7*h + 8. Suppose r + 2 = -0, 126 = 4*j + 5*r. Let k be (-31)/(-1)*(-3)/(-9)*3. Suppose -18 = k*u - j*u. Calculate s(u).
2
Let h(z) be the third derivative of -z**6/120 - z**5/12 + z**4/8 - 11*z**3/3 - z**2 - 177. Calculate h(-6).
-4
Let o(i) = i**3 - 6*i**2 - 38*i - 22. Let p be ((-10)/(-14))/(5/(350/5)). Calculate o(p).
-2
Let g(c) = -c. Let x(q) = 15*q - 126. Let o(h) = 2*g(h) + x(h). Determine o(10).
4
Let z(v) = 2*v**2 + 3*v - 27. Suppose -16*w + 227 - 291 = 0. Give z(w).
-7
Let b(u) be the first derivative of -u**4/4 - 4*u**3/3 + u**2 + 7*u + 396. Suppose 13 = -6*d - 17. Determine b(d).
22
Let v = -3681 + 9593. Let r(j) = -5*j + v - 5917 + j. Determine r(0).
-5
Suppose -2*t - 341 = 5*l + 18, -3*t = l + 558. Let k = t - -209. Let j(i) = -i**3 + 23*i**2 - 21*i - 27. Determine j(k).
-5
Let u(d) be the second derivative of d**5/20 + 5*d**4/6 - 3*d**3/2 + 5*d**2/2 + 394*d. Determine u(-11).
-17
Let o(c) = -3*c + 2. Let a(g) = -g**2 - 20*g + 19. Let h(l) = -a(l) + 5*o(l). Let j(u) = -2*u**2 - 12*u + 19. Let k(d) = -13*h(d) - 6*j(d). Give k(9).
-15
Let j = 2649 + -2643. Let w(m) = -m**2 + 6*m - 16. Calculate w(j).
-16
Let n(o) = 1 - 8 - 3*o**2 + 2*o**2 + 9*o. Let x(k) = 1319*k + 20. Let f be x(-1). Let w = f - -1305. Give n(w).
11
Let n(j) = -349*j + 351. Let t be n(1). Let o(y) = 12*y - 19. What is o(t)?
5
Let j(w) = 17*w. Suppose -15*i = i - 96. Let m(r) = 22*r - 1. Let f(q) = i*j(q) - 5*m(q). What is f(2)?
-11
Let g(q) = 7*q + 6. Let j be 6/15*110/(-11). Let v(i) = -i - 3*i + 3*i + 10*i + 6. Let o(t) = j*v(t) + 5*g(t). Calculate o(0).
6
Let n(b) = -12*b**2 + 31 + 13*b**2 + 1110*b - 1122*b. Determine n(6).
-5
Let n(i) = -40*i**2 + 1. Let s be ((-644)/46)/(1 - 3) + -8. Determine n(s).
-39
Let j be (((-40)/6)/4)/((-185)/222). Let b be (-22 + j + 2)/2. Let c(y) = -y + 10. Calculate c(b).
19
Let z = 8355 - 8357. Let d(l) = -15*l**3 - 5*l**2 + 1. What is d(z)?
101
Let o(n) = 12*n - 24. Let b = -291 + 297. Let l(q) = 10*q - 23. Let s(a) = b*o(a) - 7*l(a). Determine s(-12).
-7
Let z(m) = -m**3 - 11*m**2 + 16*m - 3. Let k = -171 - -159. What is z(k)?
-51
Let q(b) = 5*b**2 + 4 + 6*b - 2*b**2 + b**3 - 3 - 8*b + 1. Suppose i + 4*g = -3, 5*i - 2*g - g - 31 = 0. Suppose -i*v + p = 21 - 5, 3*v = 3*p. What is q(v)?
-6
Let r(k) = -10*k**2 + 123*k - 94. Let f(h) = -3*h**2 + 36*h - 31. Let w(u) = 7*f(u) - 2*r(u). Calculate w(7).
-36
Let p(n) be the second derivative of n**6/720 - n**5/30 + 43*n**4/12 + 44*n + 1. Let h(q) be the third derivative of p(q). Determine h(-3).
-7
Let r(w) be the first derivative of w**5/60 + 3*w**4/8 - 5*w**3/3 + 79*w**2/2 + 30. Let k(d) be the second derivative of r(d). What is k(-10)?
0
Let w(z) = z - 6. Suppose -p - 2*j = -3*p - 72, -3*p - 10*j - 108 = 0. Let h be (-2*1/1)/(p/162). Determine w(h).
3
Let t(i) = 13*i**3 - 14*i**2 - 5*i - 16. Let s(v) = -11*v**3 + 12*v**2 + 4*v + 14. Let m(p) = 7*s(p) + 6*t(p). Calculate m(2).
6
Let m(g) be the first derivative of -g**6/120 - g**5/15 - 5*g**4/24 - g**3 - 3*g**2/2 + 2*g - 197. Let d(b) be the second derivative of m(b). Determine d(-5).
44
Suppose 27 = -21*o + 17*o + 5*u, 0 = -4*o + 4*u - 32. Let w(r) = -2*r**3 - 28*r**2 - 24*r + 20. What is w(o)?
-6
Let d(i) = 2*i + 2. Let y = -3 + 7. Suppose 0 = -j + y*j - 5*c - 12, 3*c + 8 = j. Give d(j).
0
Let k(h) = -h - 11. Suppose -15*l - 810 = -21*l. Let p = l - 146. Determine k(p).
0
Let s(q) = -q**3 + 11*q**2 - 14*q + 13. Let j be (-9)/(-27) + 184/(-12). Let u be j/6*12/(-3). Determine s(u).
-27
Let 